{"id":272,"date":"2024-06-18T20:12:41","date_gmt":"2024-06-18T20:12:41","guid":{"rendered":"https:\/\/paratodosverem.com.br\/novo\/?page_id=272"},"modified":"2024-07-11T14:32:53","modified_gmt":"2024-07-11T14:32:53","slug":"conheca-o-planeta-ad","status":"publish","type":"page","link":"https:\/\/paratodosverem.com.br\/novo\/conheca-o-planeta-ad\/","title":{"rendered":"Conhe\u00e7a o Planeta AD"},"content":{"rendered":"\t\t<div data-elementor-type=\"wp-page\" data-elementor-id=\"272\" class=\"elementor elementor-272\">\n\t\t\t\t<div class=\"elementor-element elementor-element-186b364d e-flex e-con-boxed e-con e-parent\" data-id=\"186b364d\" data-element_type=\"container\">\n\t\t\t\t\t<div class=\"e-con-inner\">\n\t\t\t\t<div class=\"elementor-element elementor-element-74f6c4c elementor-widget elementor-widget-page-title\" data-id=\"74f6c4c\" data-element_type=\"widget\" data-settings=\"{&quot;align&quot;:&quot;center&quot;}\" data-widget_type=\"page-title.default\">\n\t\t\t\t<div class=\"elementor-widget-container\">\n\t\t\t\t\t\n\t\t<div class=\"hfe-page-title hfe-page-title-wrapper elementor-widget-heading\">\n\n\t\t\t\t\t\t\t\t\t\t\t<a href=\"https:\/\/paratodosverem.com.br\/novo\">\n\t\t\t\t\t\t<h2 class=\"elementor-heading-title elementor-size-default\">\n\t\t\t\t\t\t\t\t\n\t\t\t\tConhe\u00e7a o Planeta AD  \n\t\t\t<\/h2 > \n\t\t\t\t\t\t\t\t\t<\/a>\n\t\t\t\t\t<\/div>\n\t\t\t\t<\/div>\n\t\t\t\t<\/div>\n\t\t\t\t\t<\/div>\n\t\t\t\t<\/div>\n\t\t<div class=\"elementor-element elementor-element-64fa470 e-flex e-con-boxed e-con e-parent\" data-id=\"64fa470\" data-element_type=\"container\">\n\t\t\t\t\t<div class=\"e-con-inner\">\n\t\t<div class=\"elementor-element elementor-element-9f7f8d5 e-con-full e-flex e-con e-child\" data-id=\"9f7f8d5\" data-element_type=\"container\">\n\t\t\t\t<div class=\"elementor-element elementor-element-54be2f8f elementor-widget elementor-widget-text-editor\" data-id=\"54be2f8f\" data-element_type=\"widget\" data-widget_type=\"text-editor.default\">\n\t\t\t\t<div class=\"elementor-widget-container\">\n\t\t\t<style>\/*! elementor - v3.22.0 - 26-06-2024 *\/\n.elementor-widget-text-editor.elementor-drop-cap-view-stacked .elementor-drop-cap{background-color:#69727d;color:#fff}.elementor-widget-text-editor.elementor-drop-cap-view-framed .elementor-drop-cap{color:#69727d;border:3px solid;background-color:transparent}.elementor-widget-text-editor:not(.elementor-drop-cap-view-default) .elementor-drop-cap{margin-top:8px}.elementor-widget-text-editor:not(.elementor-drop-cap-view-default) .elementor-drop-cap-letter{width:1em;height:1em}.elementor-widget-text-editor .elementor-drop-cap{float:left;text-align:center;line-height:1;font-size:50px}.elementor-widget-text-editor .elementor-drop-cap-letter{display:inline-block}<\/style>\t\t\t\t<p class=\"wb-stl-custom26\" data-dnid=\"40120\"><strong>O que \u00e9 o Planeta AD?<\/strong><\/p>\n<p class=\"wb-stl-custom27\" data-dnid=\"40124\">O Planeta AD \u00e9 um projeto colaborativo de audiodescri\u00e7\u00e3o para apresentar detalhes de produtos audiovisuais que s\u00e3o transmitidos pela TV, no cinema e na internet, que j\u00e1 contenham o recurso de audiodescri\u00e7\u00e3o, por\u00e9m sem o detalhamento do conte\u00fado previamente \u00e0 aprecia\u00e7\u00e3o da obra.<\/p>\n<p class=\"wb-stl-custom26\" data-dnid=\"40128\"><strong>Para que serve?<\/strong><\/p>\n<p class=\"wb-stl-custom27\" data-dnid=\"40132\">O projeto propicia que pessoas com defici\u00eancia visual possam aproveitar melhor os diversos conte\u00fados de filmes, s\u00e9ries, desenhos e anima\u00e7\u00f5es dispon\u00edveis na TV e na Internet que j\u00e1 possuem o recurso da audiodescri\u00e7\u00e3o. Ao oferecermos as \u201cnotas proemias\u201d ou \u201cnotas introdut\u00f3rias\u201d, acreditamos que haja uma maior aprecia\u00e7\u00e3o da obra, especialmente para o p\u00fablico infantil onde os personagens s\u00e3o, geralmente, mais jocosos ou, at\u00e9 mesmo, complexos. Al\u00e9m disso, podem contribuir para uma maior identifica\u00e7\u00e3o das falas, gestos, piadas e outras a\u00e7\u00f5es que s\u00e3o associadas aos personagens e \u00e0s suas particularidades.<\/p>\n<p class=\"wb-stl-custom26\" data-dnid=\"40136\"><strong>Por que colaborativo?<\/strong><\/p>\n<p class=\"wb-stl-custom27\" data-dnid=\"40140\">O processo de produ\u00e7\u00e3o de cada epis\u00f3dio requer diversas etapas tais como: a sele\u00e7\u00e3o de material, a elabora\u00e7\u00e3o do roteiro de audiodescri\u00e7\u00e3o e a consultoria em audiodescri\u00e7\u00e3o, que \u00e9 a valida\u00e7\u00e3o feita por um profissional especializado e que necessariamente possui defici\u00eancia visual, tornando o conte\u00fado intelig\u00edvel para o maior n\u00famero poss\u00edvel de pessoas deste p\u00fablico. Com o roteiro validado, seguem as etapas de locu\u00e7\u00e3o, grava\u00e7\u00e3o de \u00e1udio em est\u00fadio, edi\u00e7\u00e3o de v\u00eddeo e revis\u00e3o, para finalmente o epis\u00f3dio poder ser publicado.<\/p>\n<p class=\"wb-stl-custom27\" data-dnid=\"40144\">O fato de ser colaborativo, garante que cada profissional atue somente em sua especialidade e o volume de conte\u00fado gerado seja muito maior do que cada profissional agindo isoladamente.<\/p>\n<p class=\"wb-stl-custom26\" data-dnid=\"40148\"><strong>Como surgiu a ideia?<\/strong><\/p>\n<p class=\"wb-stl-custom27\" data-dnid=\"40152\">A ideia surgiu ao observarmos como a audiodescri\u00e7\u00e3o \u00e9 ofertada na TV aberta e a quantidade de detalhes que s\u00e3o perdidos pelas pessoas com defici\u00eancia visual, por n\u00e3o saberem previamente como os personagens s\u00e3o efetivamente. A exemplo do filme do Shrek, inconformados com o fato de imaginar que as crian\u00e7as com defici\u00eancia visual assistiam ao desenho sem saber que o personagem Shrek \u00e9 grande, verde, como s\u00e3o suas orelhas e trejeitos, percebemos que todos os personagens poderiam ser descritos e apresentados a esse p\u00fablico para uma melhor aprecia\u00e7\u00e3o da obra.<\/p>\n<p class=\"wb-stl-custom27\" data-dnid=\"40156\">Como fazemos AD de filmes tamb\u00e9m, sabemos que muitas vezes n\u00e3o h\u00e1 tempo de fazer uma audiodescri\u00e7\u00e3o completa quando esta deve ser inserida entre as falas dos personagens. Podemos, portanto, de uma maneira mais simplista, entender que o Planeta AD cumpre a fun\u00e7\u00e3o das notas introdut\u00f3rias que geralmente s\u00e3o apresentadas antes do in\u00edcio de uma pe\u00e7a de teatro, ou concerto ao vivo e, com certeza, fazem toda a diferen\u00e7a!<\/p>\t\t\t\t\t\t<\/div>\n\t\t\t\t<\/div>\n\t\t\t\t<\/div>\n\t\t<div class=\"elementor-element elementor-element-70f5c4d e-con-full e-flex e-con e-child\" data-id=\"70f5c4d\" data-element_type=\"container\">\n\t\t\t\t<div class=\"elementor-element elementor-element-5747972 elementor-widget elementor-widget-text-editor\" data-id=\"5747972\" data-element_type=\"widget\" data-widget_type=\"text-editor.default\">\n\t\t\t\t<div class=\"elementor-widget-container\">\n\t\t\t\t\t\t\t<div id=\"a18e1a6347a56c4ba034916f3947599d\" class=\"wb_element wb_text_element\" data-plugin=\"TextArea\"><p class=\"wb-stl-custom26\" data-dnid=\"40158\"><strong>O Planeta AD \u00e9 somente para crian\u00e7as?<\/strong><\/p><p class=\"wb-stl-custom27\" data-dnid=\"40162\">N\u00e3o, o Planeta AD abrange conte\u00fados para todas as idades, a diferen\u00e7a \u00e9 que, para o conte\u00fado infantil, os personagens s\u00e3o descritos com maior riqueza de detalhes, como seus trejeitos e peculiaridades.<\/p><p class=\"wb-stl-custom26\" data-dnid=\"40166\"><strong>Somente as pessoas com defici\u00eancia visual podem usufruir das informa\u00e7\u00f5es que o Planeta AD oferece?<\/strong><\/p><p class=\"wb-stl-custom27\" data-dnid=\"40170\">N\u00e3o, qualquer produto que contenha audiodescri\u00e7\u00e3o &#8211; recurso de acessibilidade destinado majoritariamente \u00e0s pessoas com defici\u00eancia visual &#8211; tamb\u00e9m \u00e9 de grande ajuda para pessoas com d\u00e9ficit de aten\u00e7\u00e3o e disl\u00e9xicos. Tamb\u00e9m muitos idosos apreciam o recurso. O Planeta AD atende a todos esses p\u00fablicos.<\/p><p class=\"wb-stl-custom26\" data-dnid=\"40174\"><strong>Qual o crit\u00e9rio para que um programa possa fazer parte do Planeta AD?<\/strong><\/p><p class=\"wb-stl-custom27\" data-dnid=\"40178\">\u00c9 necess\u00e1rio que o conte\u00fado j\u00e1 esteja dispon\u00edvel com audiodescri\u00e7\u00e3o, seja pela TV aberta, Streaming ou Internet. N\u00e3o podemos criar expectativa por parte do p\u00fablico para um conte\u00fado que n\u00e3o esteja ainda adaptado com o recurso.\u00a0<\/p><p class=\"wb-stl-custom26\" data-dnid=\"40182\"><strong>Como est\u00e1 sendo o projeto?<\/strong><\/p><p class=\"wb-stl-custom27\" data-dnid=\"40186\">Um sucesso, logo do lan\u00e7amento do primeiro epis\u00f3dio, que \u00e9 o Chaves, fomos procurados por diversos audiodescritores e consultores.<\/p><p class=\"wb-stl-custom27\" data-dnid=\"40190\">Muitos dos audiodescritores trazem suas prefer\u00eancias de conte\u00fado para um epis\u00f3dio, mas para quem n\u00e3o sabe com qual conte\u00fado colaborar, temos uma s\u00e9rie de sugest\u00f5es tamb\u00e9m&#8230; Basta querer colaborar e ter\u00e1 um espa\u00e7o no projeto.<\/p><p class=\"wb-stl-custom27\" data-dnid=\"40194\">Precisamos tamb\u00e9m de editores de v\u00eddeo para este projeto. A demanda \u00e9 simples e j\u00e1 h\u00e1 um modelo a ser seguido. O profissional recebe um roteiro detalhado e todos os arquivos facilmente identificados para a montagem do epis\u00f3dio.<\/p><p class=\"wb-stl-custom26\" data-dnid=\"40198\"><strong>Como algu\u00e9m pode colaborar com o Planeta AD?<\/strong><\/p><p class=\"wb-stl-custom27\" data-dnid=\"40202\">Estamos abertos \u00e0 colabora\u00e7\u00e3o de audiodescritores, consultores em audiodescri\u00e7\u00e3o e editores de v\u00eddeo. Todos esses profissionais que quiserem colaborar podem entrar em contato conosco pelo e-mail planetaad@paratodosverem.com.br, ou atrav\u00e9s de mensagens privadas em nossas p\u00e1ginas no face e no Instagram que \u00e9 Para Todos Verem.<\/p><p class=\"wb-stl-custom27\" data-dnid=\"40206\">Fa\u00e7a parte deste projeto e contribua para a acessibilidade no entretenimento audiovisual brasileiro!<\/p><\/div><div id=\"a18e1a6347a56ed04afd9c17e3f6bc0c\" class=\"wb_element\" data-plugin=\"Youtube\">\u00a0<\/div>\t\t\t\t\t\t<\/div>\n\t\t\t\t<\/div>\n\t\t\t\t<div class=\"elementor-element elementor-element-2584162 elementor-widget__width-auto animated-fast elementor-align-center elementor-invisible elementor-widget elementor-widget-button\" data-id=\"2584162\" data-element_type=\"widget\" data-settings=\"{&quot;_animation&quot;:&quot;fadeInUp&quot;,&quot;_animation_delay&quot;:900}\" data-widget_type=\"button.default\">\n\t\t\t\t<div class=\"elementor-widget-container\">\n\t\t\t\t\t<div class=\"elementor-button-wrapper\">\n\t\t\t<a class=\"elementor-button elementor-button-link elementor-size-sm\" href=\"https:\/\/paratodosverem.com.br\/novo\/contato\/\">\n\t\t\t\t\t\t<span class=\"elementor-button-content-wrapper\">\n\t\t\t\t\t\t\t\t\t<span class=\"elementor-button-text\">Entre em contato com o Planeta AD<\/span>\n\t\t\t\t\t<\/span>\n\t\t\t\t\t<\/a>\n\t\t<\/div>\n\t\t\t\t<\/div>\n\t\t\t\t<\/div>\n\t\t\t\t<\/div>\n\t\t\t\t\t<\/div>\n\t\t\t\t<\/div>\n\t\t<div class=\"elementor-element elementor-element-766f138 e-flex e-con-boxed e-con e-parent\" data-id=\"766f138\" data-element_type=\"container\">\n\t\t\t\t\t<div class=\"e-con-inner\">\n\t\t<div class=\"elementor-element elementor-element-f8af2b3 e-con-full e-flex e-con e-child\" data-id=\"f8af2b3\" data-element_type=\"container\">\n\t\t<div class=\"elementor-element elementor-element-f483a48 e-con-full e-flex e-con e-child\" data-id=\"f483a48\" data-element_type=\"container\">\n\t\t\t\t<div class=\"elementor-element elementor-element-4306e59 elementor-widget elementor-widget-video\" data-id=\"4306e59\" data-element_type=\"widget\" data-settings=\"{&quot;youtube_url&quot;:&quot;https:\\\/\\\/youtu.be\\\/yHT-lq-Sp_U&quot;,&quot;video_type&quot;:&quot;youtube&quot;,&quot;controls&quot;:&quot;yes&quot;}\" data-widget_type=\"video.default\">\n\t\t\t\t<div class=\"elementor-widget-container\">\n\t\t\t<style>\/*! elementor - v3.22.0 - 26-06-2024 *\/\n.elementor-widget-video .elementor-widget-container{overflow:hidden;transform:translateZ(0)}.elementor-widget-video .elementor-wrapper{aspect-ratio:var(--video-aspect-ratio)}.elementor-widget-video .elementor-wrapper iframe,.elementor-widget-video .elementor-wrapper video{height:100%;width:100%;display:flex;border:none;background-color:#000}@supports not (aspect-ratio:1\/1){.elementor-widget-video .elementor-wrapper{position:relative;overflow:hidden;height:0;padding-bottom:calc(100% \/ var(--video-aspect-ratio))}.elementor-widget-video .elementor-wrapper iframe,.elementor-widget-video .elementor-wrapper video{position:absolute;top:0;right:0;bottom:0;left:0}}.elementor-widget-video .elementor-open-inline .elementor-custom-embed-image-overlay{position:absolute;top:0;right:0;bottom:0;left:0;background-size:cover;background-position:50%}.elementor-widget-video .elementor-custom-embed-image-overlay{cursor:pointer;text-align:center}.elementor-widget-video .elementor-custom-embed-image-overlay:hover .elementor-custom-embed-play i{opacity:1}.elementor-widget-video .elementor-custom-embed-image-overlay img{display:block;width:100%;aspect-ratio:var(--video-aspect-ratio);-o-object-fit:cover;object-fit:cover;-o-object-position:center center;object-position:center center}@supports not (aspect-ratio:1\/1){.elementor-widget-video .elementor-custom-embed-image-overlay{position:relative;overflow:hidden;height:0;padding-bottom:calc(100% \/ var(--video-aspect-ratio))}.elementor-widget-video .elementor-custom-embed-image-overlay img{position:absolute;top:0;right:0;bottom:0;left:0}}.elementor-widget-video .e-hosted-video .elementor-video{-o-object-fit:cover;object-fit:cover}.e-con-inner>.elementor-widget-video,.e-con>.elementor-widget-video{width:var(--container-widget-width);--flex-grow:var(--container-widget-flex-grow)}<\/style>\t\t<div class=\"elementor-wrapper elementor-open-inline\">\n\t\t\t<div class=\"elementor-video\"><\/div>\t\t<\/div>\n\t\t\t\t<\/div>\n\t\t\t\t<\/div>\n\t\t\t\t<div class=\"elementor-element elementor-element-e632dee elementor-widget elementor-widget-heading\" data-id=\"e632dee\" data-element_type=\"widget\" data-widget_type=\"heading.default\">\n\t\t\t\t<div class=\"elementor-widget-container\">\n\t\t\t<style>\/*! elementor - v3.22.0 - 26-06-2024 *\/\n.elementor-heading-title{padding:0;margin:0;line-height:1}.elementor-widget-heading .elementor-heading-title[class*=elementor-size-]>a{color:inherit;font-size:inherit;line-height:inherit}.elementor-widget-heading .elementor-heading-title.elementor-size-small{font-size:15px}.elementor-widget-heading .elementor-heading-title.elementor-size-medium{font-size:19px}.elementor-widget-heading .elementor-heading-title.elementor-size-large{font-size:29px}.elementor-widget-heading .elementor-heading-title.elementor-size-xl{font-size:39px}.elementor-widget-heading .elementor-heading-title.elementor-size-xxl{font-size:59px}<\/style><h5 class=\"elementor-heading-title elementor-size-default\">Clique para acessar AD dos personagens do  Chaves<\/h5>\t\t<\/div>\n\t\t\t\t<\/div>\n\t\t\t\t<\/div>\n\t\t<div class=\"elementor-element elementor-element-129ab67 e-con-full e-flex e-con e-child\" data-id=\"129ab67\" data-element_type=\"container\">\n\t\t\t\t<div class=\"elementor-element elementor-element-14808f5 elementor-widget elementor-widget-video\" data-id=\"14808f5\" data-element_type=\"widget\" data-settings=\"{&quot;youtube_url&quot;:&quot;https:\\\/\\\/youtu.be\\\/sODzA0cyoPA&quot;,&quot;video_type&quot;:&quot;youtube&quot;,&quot;controls&quot;:&quot;yes&quot;}\" data-widget_type=\"video.default\">\n\t\t\t\t<div class=\"elementor-widget-container\">\n\t\t\t\t\t<div class=\"elementor-wrapper elementor-open-inline\">\n\t\t\t<div class=\"elementor-video\"><\/div>\t\t<\/div>\n\t\t\t\t<\/div>\n\t\t\t\t<\/div>\n\t\t\t\t<div class=\"elementor-element elementor-element-dbd97e1 elementor-widget elementor-widget-heading\" data-id=\"dbd97e1\" data-element_type=\"widget\" data-widget_type=\"heading.default\">\n\t\t\t\t<div class=\"elementor-widget-container\">\n\t\t\t<h5 class=\"elementor-heading-title elementor-size-default\">Clique para acessar AD dos personagens do  filme Frozen<\/h5>\t\t<\/div>\n\t\t\t\t<\/div>\n\t\t\t\t<\/div>\n\t\t\t\t<\/div>\n\t\t<div class=\"elementor-element elementor-element-edef93e e-con-full e-flex e-con e-child\" data-id=\"edef93e\" data-element_type=\"container\">\n\t\t<div class=\"elementor-element elementor-element-b1de424 e-con-full e-flex e-con e-child\" data-id=\"b1de424\" data-element_type=\"container\">\n\t\t\t\t<div class=\"elementor-element elementor-element-cc119b2 elementor-widget elementor-widget-video\" data-id=\"cc119b2\" data-element_type=\"widget\" data-settings=\"{&quot;youtube_url&quot;:&quot;https:\\\/\\\/youtu.be\\\/0G92858JZNU&quot;,&quot;video_type&quot;:&quot;youtube&quot;,&quot;controls&quot;:&quot;yes&quot;}\" data-widget_type=\"video.default\">\n\t\t\t\t<div class=\"elementor-widget-container\">\n\t\t\t\t\t<div class=\"elementor-wrapper elementor-open-inline\">\n\t\t\t<div class=\"elementor-video\"><\/div>\t\t<\/div>\n\t\t\t\t<\/div>\n\t\t\t\t<\/div>\n\t\t\t\t<div class=\"elementor-element elementor-element-cba7536 elementor-widget elementor-widget-heading\" data-id=\"cba7536\" data-element_type=\"widget\" data-widget_type=\"heading.default\">\n\t\t\t\t<div class=\"elementor-widget-container\">\n\t\t\t<h5 class=\"elementor-heading-title elementor-size-default\">Clique para acessar AD dos personagens do  Boris e Rufus<\/h5>\t\t<\/div>\n\t\t\t\t<\/div>\n\t\t\t\t<\/div>\n\t\t<div class=\"elementor-element elementor-element-744258e e-con-full e-flex e-con e-child\" data-id=\"744258e\" data-element_type=\"container\">\n\t\t\t\t<div class=\"elementor-element elementor-element-5dd8e1c elementor-widget elementor-widget-video\" data-id=\"5dd8e1c\" data-element_type=\"widget\" data-settings=\"{&quot;youtube_url&quot;:&quot;https:\\\/\\\/youtu.be\\\/6zziTpuRRzk&quot;,&quot;video_type&quot;:&quot;youtube&quot;,&quot;controls&quot;:&quot;yes&quot;}\" data-widget_type=\"video.default\">\n\t\t\t\t<div class=\"elementor-widget-container\">\n\t\t\t\t\t<div class=\"elementor-wrapper elementor-open-inline\">\n\t\t\t<div class=\"elementor-video\"><\/div>\t\t<\/div>\n\t\t\t\t<\/div>\n\t\t\t\t<\/div>\n\t\t\t\t<div class=\"elementor-element elementor-element-8e53e94 elementor-widget elementor-widget-heading\" data-id=\"8e53e94\" data-element_type=\"widget\" data-widget_type=\"heading.default\">\n\t\t\t\t<div class=\"elementor-widget-container\">\n\t\t\t<h5 class=\"elementor-heading-title elementor-size-default\">Clique para acessar AD dos personagens do  filme de Os Smurfs<\/h5>\t\t<\/div>\n\t\t\t\t<\/div>\n\t\t\t\t<\/div>\n\t\t\t\t<\/div>\n\t\t\t\t\t<\/div>\n\t\t\t\t<\/div>\n\t\t<div class=\"elementor-element elementor-element-f379a7b e-flex e-con-boxed e-con e-parent\" data-id=\"f379a7b\" data-element_type=\"container\">\n\t\t\t\t\t<div class=\"e-con-inner\">\n\t\t\t\t\t<\/div>\n\t\t\t\t<\/div>\n\t\t\t\t<\/div>\n\t\t","protected":false},"excerpt":{"rendered":"<p>Conhe\u00e7a o Planeta AD O que \u00e9 o Planeta AD? O Planeta AD \u00e9 um projeto colaborativo de audiodescri\u00e7\u00e3o para apresentar detalhes [&hellip;]<\/p>\n","protected":false},"author":1,"featured_media":285,"parent":0,"menu_order":0,"comment_status":"closed","ping_status":"closed","template":"","meta":{"footnotes":""},"class_list":["post-272","page","type-page","status-publish","has-post-thumbnail","hentry"],"_links":{"self":[{"href":"https:\/\/paratodosverem.com.br\/novo\/wp-json\/wp\/v2\/pages\/272","targetHints":{"allow":["GET"]}}],"collection":[{"href":"https:\/\/paratodosverem.com.br\/novo\/wp-json\/wp\/v2\/pages"}],"about":[{"href":"https:\/\/paratodosverem.com.br\/novo\/wp-json\/wp\/v2\/types\/page"}],"author":[{"embeddable":true,"href":"https:\/\/paratodosverem.com.br\/novo\/wp-json\/wp\/v2\/users\/1"}],"replies":[{"embeddable":true,"href":"https:\/\/paratodosverem.com.br\/novo\/wp-json\/wp\/v2\/comments?post=272"}],"version-history":[{"count":39,"href":"https:\/\/paratodosverem.com.br\/novo\/wp-json\/wp\/v2\/pages\/272\/revisions"}],"predecessor-version":[{"id":748,"href":"https:\/\/paratodosverem.com.br\/novo\/wp-json\/wp\/v2\/pages\/272\/revisions\/748"}],"wp:featuredmedia":[{"embeddable":true,"href":"https:\/\/paratodosverem.com.br\/novo\/wp-json\/wp\/v2\/media\/285"}],"wp:attachment":[{"href":"https:\/\/paratodosverem.com.br\/novo\/wp-json\/wp\/v2\/media?parent=272"}],"curies":[{"name":"wp","href":"https:\/\/api.w.org\/{rel}","templated":true}]}}